se 220 = 7*t - 2*t. Let q = t - 20. Suppose -3*d - p + 25 + 15 = 0, d + 3*p = q. What is the highest common divisor of 96 and d?
12
Let h(z) = 3*z**3 - z**2 + 3*z - 2. Let t be h(1). Let g be 52/1 - (7/(-7) - t). What is the highest common divisor of g and 7?
7
Let p(v) = 23*v. Let k be p(1). Suppose -5*g = 3*w - 562, -3*g = -3*w + 7*w - 742. Calculate the highest common factor of w and k.
23
Let n = -304 - -395. What is the greatest common divisor of 7 and n?
7
Suppose 1 = -c, 5*c + 99 - 34 = y. Suppose u + 95 = 4*f - 70, -4*u + 20 = f. Calculate the highest common divisor of f and y.
20
Suppose 3*y - 12 = -0*y. Suppose y*i - 5*c + 2*c = 343, 5 = -5*c. Let p = -88 + 122. Calculate the greatest common factor of i and p.
17
Let q(i) = -294*i**3 - 2*i - 1. Let a be q(-1). Suppose 0 = m - 3*o - 143, 2*m - o - 2*o = a. Calculate the greatest common divisor of 19 and m.
19
Suppose 4*a - a - 12 = 3*g, 4*a - 10 = -2*g. Suppose 0 = -2*b + a*b - 2. Let f(y) = -y - 3. Let p be f(-7). Calculate the greatest common divisor of b and p.
2
Let x = -802 + 886. Calculate the greatest common factor of x and 140.
28
Suppose -3*m = 5*y - 428, -3*m = 5 + 7. Let x = 5 + -8. Let o be 130/10 + (x - -1). What is the greatest common divisor of y and o?
11
Suppose 0 = 5*h - 69 - 231. Let r be 42 + (-3 - -1) + 0. What is the greatest common factor of h and r?
20
Let v be (-388)/(-44) + (-4)/(-22). Let p(x) = x**3 - 8*x**2 - 7*x - 8. Let k be p(v). What is the greatest common divisor of 5 and k?
5
Let m be (-54)/(-16) - (-15)/(-40). Suppose 0*j - m*j + c + 13 = 0, 0 = -j + 3*c + 15. Suppose 5 = -f + 29. What is the highest common factor of j and f?
3
Suppose 5*b = -o + 14 + 18, -64 = -4*o - 4*b. Calculate the highest common divisor of o and 1092.
12
Suppose -4*y - 2*y + 132 = 0. Suppose -3*l + 2*g = -g - 9, 4*l + g = y. Calculate the highest common divisor of l and 5.
5
Let f(d) = 5*d - 2. Let b be f(3). Let c = 2 + 227. Let y = c + -216. What is the highest common factor of b and y?
13
Suppose 3*y - 3*i - 468 = 0, 4*y - 768 = -y + i. What is the highest common factor of 68 and y?
17
Suppose -44 = l - 68. Calculate the highest common divisor of l and 84.
12
Let f(z) = -19*z - 1. Let g = 7 - 7. Suppose -4*i + 2*l + l + 8 = g, 2*i - 14 = 4*l. Let o be f(i). Calculate the greatest common factor of 90 and o.
18
Suppose 37*h - 280 = 2*h. Calculate the greatest common divisor of h and 1264.
8
Let d(v) = 10*v**2 - 34*v - 5. Let o be d(4). Calculate the greatest common factor of o and 228.
19
Let l be (-1)/((-3)/69) - 0. Let a(b) = -2*b - 15. Let j be a(-19). Calculate the greatest common divisor of l and j.
23
Let d be (8/(-14) - (-159)/21)*-5. Let g be (d/(-15))/(-7) - 314/(-6). What is the highest common divisor of g and 65?
13
Suppose 5 = d - f, 3*f + f = 2*d - 18. Let z(a) = -56 + 2*a + 57 + 12*a. Let j be z(d). Calculate the greatest common divisor of 75 and j.
15
Let i(n) = n**3 - 9*n**2 + 12. Let j be i(9). Suppose 2*t - j = -t. Let m be 54/t + (-6)/(-4). What is the highest common divisor of m and 6?
3
Let w(z) = -z**3 - 19*z**2 + 32. Let x be w(-19). Let b be (-828)/(-10)*80/x. What is the highest common factor of 23 and b?
23
Let q(c) = 20*c**3 - c**2 - 4. Let p be q(2). Let g = 19 - 0. What is the highest common factor of p and g?
19
Let a = 17 - -4. What is the greatest common divisor of 357 and a?
21
Suppose -33 = -4*a + 2*c - 11, -3*c - 5 = a. Suppose 0 = 3*i - a*z - 385, -3*z + 769 = 4*i + 214. Calculate the greatest common factor of 15 and i.
15
Suppose f = 2*a + 21, -7*a + 2*a - 75 = -4*f. Let l = -275 - -505. Suppose l + 289 = 5*n + 2*o, -o = 5*n - 522. Calculate the greatest common factor of n and f.
15
Suppose 0 = -4*a + 273 - 73. Calculate the greatest common divisor of a and 150.
50
Suppose v - 3*j - 2*j - 49 = 0, 203 = 5*v - 4*j. Suppose -7555 = -39*f + 11391 - 6778. What is the greatest common divisor of f and v?
39
Let v(q) = 0 + q + 0*q - 1 - 1. Let f be v(8). Let n = 31 - f. Calculate the greatest common factor of 50 and n.
25
Suppose -3*g - 2 = -2*g. Suppose -t + 2 = -2. Let r be (g/t)/((-8)/208). What is the greatest common factor of r and 117?
13
Suppose -12 = 2*y - 5*z + 122, -y + 4*z = 73. Let w = y - -111. Calculate the greatest common divisor of w and 90.
18
Suppose 0 = 2*g - 2*j - 1 - 3, 5*g + 5*j - 40 = 0. Suppose 17*w - 22*w = g*c - 1535, -4*c + 310 = w. Calculate the highest common divisor of 34 and w.
34
Let d = -10 + 80. What is the greatest common divisor of d and 80?
10
Let u be 3/(-48)*-4 + 11/4. Let m be 7 + -5 + 5 + u. Calculate the highest common factor of 15 and m.
5
Let n(w) = 125*w**2 + 8*w + 7. Let d be n(-1). What is the greatest common divisor of 310 and d?
62
Let i = 21 + -13. Let y be (-16)/i - 0/(-1). Let p be 378/9 + (1 - y). What is the highest common divisor of p and 5?
5
Let q be -2 + 2*(-453)/(-6). Let l = -37 + q. Suppose 2*z - 56 = -4*w, 3*w - 68 = 5*z - 0. What is the greatest common divisor of w and l?
16
Suppose -d = 2*d - 3*x - 117, d - 2*x - 40 = 0. Let b be 60/24*2*1. Suppose 0 = b*u + 5*k - 245, d + 15 = u + 5*k. What is the highest common factor of u and 6?
6
Let i = 44 + -39. Suppose -1 = -k, -5*n - 2*k + 137 = -i*k. What is the greatest common divisor of n and 14?
14
Let k be 29/58 + (-3)/(-4)*46. Calculate the highest common divisor of 119 and k.
7
Let p = -137 + 422. What is the highest common divisor of 171 and p?
57
Suppose -1128 = 134*u - 146*u. Calculate the greatest common factor of 1598 and u.
94
Let n be ((-20)/(-80))/1 + (-131)/(-4). What is the highest common factor of n and 36?
3
Suppose 0 = 2*c - 2*y + 6, -14 - 4 = -4*c - 2*y. Calculate the highest common divisor of c and 58.
2
Suppose -364*b = -356*b - 760. Calculate the highest common divisor of 57 and b.
19
Let x = 29 - 58. Let m = x - -47. Let k be -2 + 0 + -2 + m. What is the greatest common divisor of k and 42?
14
Let v be -2*((-2665)/(-2))/(-5). Suppose -2*f - n + 2*n + v = 0, f - 271 = -n. Let z = f - 163. What is the highest common factor of 15 and z?
15
Let x(g) = g**2 + 11*g - 9. Let n be x(-12). Suppose -b = 5*f - 420, n*f + 1174 = 2*b + 282. What is the highest common factor of b and 40?
40
Let v be ((-58)/3)/((-2)/3). Let w = v - 25. Calculate the highest common divisor of 6 and w.
2
Let n be 54/45*5/2. Let i be 13/n + (-3)/9. Suppose 0 = 5*m - 23 - 37. Calculate the greatest common factor of m and i.
4
Let w(d) = 2*d**3 + 25*d**2 - 20*d - 3. Let a be w(-13). What is the highest common factor of a and 572?
44
Suppose -57*p + 97*p = 13200. Calculate the greatest common factor of 20 and p.
10
Suppose -8*v + 52 = -3*v + c, 3*c - 36 = -3*v. Calculate the highest common factor of 1090 and v.
10
Let q be 18 + 3/((-6)/(-4)). Suppose 20 = 32*k - 31*k. What is the greatest common divisor of q and k?
20
Let i = 18 + -8. Suppose -2*w - 5*d = -i, 0 = w - 2*d - 1 - 13. What is the greatest common divisor of w and 80?
10
Suppose -4*p + 2 = -2*m, p + 2*m = -2*m + 14. Let i(n) = -9 + 9 - 1 + 35*n**p. Let y be i(-1). What is the greatest common factor of 17 and y?
17
Suppose 4*t + 53*y = 52*y + 1300, -3*t - y + 976 = 0. Calculate the highest common factor of 48 and t.
12
Suppose -7 = -t - 2, -4*k = -3*t - 9. What is the greatest common divisor of 6 and k?
6
Suppose 3*j = 2*g + 101, -g - 77 - 61 = -4*j. What is the greatest common divisor of j and 5?
5
Let n(f) = -f**3 - 5*f**2 - 5*f + 1. Let r be n(-7). Let l = r - 74. Calculate the highest common divisor of 90 and l.
30
Let j be 7/(-245)*-5*2*602. What is the highest common divisor of j and 16?
4
Let y be (-1)/2 + 275/22. Let f = -72 - -180. Calculate the highest common divisor of f and y.
12
Let q = 526 - 520. Calculate the highest common factor of q and 21.
3
Suppose -3*i - 30 = -3. Let y be (i/(-36))/((-2)/(-24)). Let q be 16 - -1*(y - 2). Calculate the greatest common divisor of q and 187.
17
Let c = 15 - -1. Suppose 4*g - 9 = 2*r - 65, 2*r + c = -2*g. Let z be g/(-3)*1 + -3. What is the greatest common factor of z and 7?
1
Suppose -8*b + 950 = 4*o - 13*b, -b = o - 242. What is the greatest common factor of 72 and o?
24
Let i be (1/2)/((-1)/(-14)). Let y = 6 - i. Let j be y/(-4) - 18/(-24). Calculate the greatest common divisor of 1 and j.
1
Suppose 3*f + 6 = 0, -2*r = 5*f - 24 - 72. Let 